ed by o?
0
Let s = -23 - -23. Suppose -2*z + 14 + 6 = s. What is the remainder when 19 is divided by z?
9
Let q = -14 - -19. Let u = 69 + q. Calculate the remainder when u is divided by 39.
35
Let l be (-30)/(-8) - 6/8. Suppose l*t + 3*q - 36 = 0, -6*t + 2*t + 48 = 5*q. What is the remainder when 34 is divided by t?
10
Let q(j) = -12*j + 25. Suppose -17 = 2*g - 47. Let k(n) = 48*n - 99. Let t(c) = g*q(c) + 4*k(c). What is the remainder when t(7) is divided by 22?
19
Let p(d) = -16*d - 2. Let r be p(-6). Suppose -2*o = g - 38, -o - 4*o - 2*g = -r. Calculate the remainder when 33 is divided by o.
15
Let l be -44*((-2)/1)/(-3 - -11). Suppose 13*s - 314 = l. What is the remainder when 73 is divided by s?
23
Let r(y) = -10*y**2 - 3 + 11*y**2 + 1. What is the remainder when 67 is divided by r(4)?
11
Let g(j) = 2*j**3 + j**2 - 7*j + 9. Let r be g(2). What is the remainder when (r/4)/((-1)/(-8)) is divided by 8?
6
Let c(r) be the second derivative of r**5/20 - r**4 - 2*r**3 + 2*r**2 + 8*r. Calculate the remainder when ((-9)/(-6))/((-3)/(-100)) is divided by c(13).
16
Let w = 1600 - 1482. Calculate the remainder when w is divided by 41.
36
Let y be 8/20 + -1 - 12/(-20). Suppose 4*l - 6*l + 28 = y. What is the remainder when l is divided by 12?
2
Suppose 0 = -2*t + 3*t + 3*h + 31, 3*t = 5*h - 37. Let w = -34 - t. Calculate the remainder when 47 is divided by (-185)/w + 1/(-3).
11
Let r(f) be the first derivative of f**4/4 + 16*f**3/3 - f**2 - 9*f - 19. Suppose -3*c + 0*c = -39. Calculate the remainder when r(-16) is divided by c.
10
Let d = -4 + 6. Suppose b = -3*x + 55, -d*x + 2*b + 20 = 6*b. Let z = 1961 - 1949. What is the remainder when x is divided by z?
8
Let w be (0 + (-2 - -2))/(-1). Suppose w = -y + 2*y + 9. Calculate the remainder when ((-12)/y)/(1/24) is divided by 11.
10
What is the remainder when (-1 + 29)*(1700/140 + -5) is divided by 99?
2
Let y(p) = p**2 - 13*p - 18. Let s be y(15). Suppose -5*r + 38 = -s. Suppose 5*l = 43 + 42. What is the remainder when l is divided by r?
7
Suppose -92 = -3*d + 4*a, 2*d - 4*a + 25 = 93. What is the remainder when 404 is divided by d?
20
Suppose 5*c + 8 - 28 = 0. Suppose -c*z + 2*f + 92 = 0, -2*f + 58 = 3*z + 2*f. Calculate the remainder when z/(((-4)/(-3))/2) is divided by 12.
9
Let n(d) = -80*d + 79. What is the remainder when n(-2) is divided by 62?
53
Suppose 0*j = 3*p + j - 86, 60 = 2*p + 2*j. Calculate the remainder when 109 is divided by p.
25
What is the remainder when 230 is divided by ((-3)/2)/((-143)/14 + 10)?
6
Let w = 2 + 1. Suppose -w*i = 3*f - i - 534, 0 = 5*f - 2*i - 890. Suppose 3*j = 5*j - f. Calculate the remainder when j is divided by 23.
20
Let v(f) = -3*f - 5. Let y(i) = 336 - 157 - 156 + 2*i**2 + 16*i. Calculate the remainder when y(-8) is divided by v(-6).
10
Let d = 807 - 745. What is the remainder when 180 is divided by d?
56
Suppose 0*z - z = -5. Let h = -10 + 11. What is the remainder when -1 - (h - (10 - 1)) is divided by z?
2
Suppose 156 = 23*p - 11*p. What is the remainder when 49 is divided by p?
10
Let b(l) = 2*l**2 - l - 31. What is the remainder when b(-13) is divided by 102?
14
Let g = -184 - -196. What is the remainder when 127 is divided by g?
7
Suppose 12*z = 10*z + 62. Suppose 10*h - 660 = -h. What is the remainder when h is divided by z?
29
Let p = -487 + 587. Calculate the remainder when p is divided by 4.
0
Suppose -w + 82 = 5*g - 169, -4*g = -5*w - 224. What is the remainder when g is divided by (4/8)/((-1)/(-36))?
15
What is the remainder when 62 is divided by (-6)/4*8/(-6)?
0
Let c(d) = 34*d + 9. Let l(u) = 35*u + 10. Let k(a) = -7*c(a) + 6*l(a). Let z be k(-3). Calculate the remainder when 34 is divided by 4/(-3)*z/(-6).
16
Let a(i) = -139*i**2 + 66*i**2 + 72*i**2 - 17*i - 14. Calculate the remainder when 13 is divided by a(-16).
1
Let w = 194 + -381. Let l = w + 351. Calculate the remainder when l is divided by 33.
32
Let h(p) = p**2 + 6*p - 4. Let m(a) = -3*a**2 - 19*a + 13. Let f(c) = -7*h(c) - 2*m(c). Calculate the remainder when 13 is divided by f(-3).
3
Suppose 46*b = 37*b + 630. Calculate the remainder when b is divided by 26.
18
Let w be 6/14 - (-288)/63. Suppose w = r - 11. What is the remainder when 29 is divided by r?
13
Let d = -1249 + 1327. Calculate the remainder when d is divided by 54*-1*1/(-2).
24
Let p = -197 + 234. Calculate the remainder when 145 is divided by p.
34
Let s(v) = 9*v. Let z be s(1). Suppose 57*l = 65*l - 112. What is the remainder when (136/(-6))/((-3)/z) is divided by l?
12
Let q(w) = -6*w - 224. Calculate the remainder when 44 is divided by q(-40).
12
Suppose -7*u = 5*a - 5*u - 6, 2*a = 3*u + 10. Suppose -q = 4*c - 82, 0 = -q - a*q + 2*c + 302. What is the remainder when q is divided by 25?
23
Let w(y) = y + 4. Let i be w(0). Suppose 2*p + 5*t = t + 30, t - 60 = -i*p. Let g(j) = -j**3 + 5*j - 1. Calculate the remainder when g(-4) is divided by p.
13
Suppose h + 8 = 1. Let w = 7 + h. Suppose 3*g + w = 51. What is the remainder when 31 is divided by g?
14
Suppose 4*n + 22 = 2*n. Suppose -k + 32 = -3*b, -11*k - 2*b + 52 = -8*k. Let t = k + n. Calculate the remainder when 24 is divided by t.
6
Let s = 100 - 77. Let u = -288 - -303. What is the remainder when s is divided by u?
8
Let u(f) = 4*f**2 - 4*f - 26. Calculate the remainder when u(6) is divided by 19.
18
Suppose -5*g - 4 = 6*j - 2*j, j - 16 = 3*g. Suppose -j*k + 33 + 52 = h, -5*k + 101 = -4*h. Calculate the remainder when 62 is divided by 4/6 - (-322)/k.
14
Let w(o) = -5*o + 1. Let n be w(2). Let h = n + 8. Let z = h + 24. Calculate the remainder when 68 is divided by z.
22
Suppose w - 1 = -3*d, -4*w + 56 = 4*d + 12. Suppose n = -3*n + 252. Calculate the remainder when n is divided by w.
15
Let g(h) = -6*h - 13. Let l be g(-4). Let y = -6 + l. Calculate the remainder when 17 is divided by y.
2
Calculate the remainder when 101 is divided by 3 - ((-28)/70 + (-386)/10).
17
Let c = -66 + 124. Calculate the remainder when c is divided by 13 + -2 + -26 + 30.
13
Let t(c) = -c**3 + 10*c**2 + 4*c + 1. Let k be t(10). Let b be -1*(-1 - (-27 + 0)). Let q = b + k. Calculate the remainder when 27 is divided by q.
12
Let k = 0 - -44. Let m(f) = 6*f + 4*f**2 + 13*f + 8 - 26*f. What is the remainder when k is divided by m(3)?
21
Suppose -35 = 39*n - 32*n. What is the remainder when (-1 - -2)/(n/(-145)) is divided by 16?
13
Suppose 23 = 4*l - 77. Suppose -v + 57 = 4*w, -2*w - l = -2*v + 139. Calculate the remainder when v is divided by 27.
23
Let l(h) = 6*h + 8. Let j be l(5). Suppose 21*a - 22*a = -j. What is the remainder when 111 is divided by a?
35
Let z = 28 + -26. Suppose 4*o - 100 = -z*n, n + 141 = 4*n - 3*o. Calculate the remainder when n is divided by 17.
14
Suppose 3*r - 4*p = -113, p + 2 = 2*p. Let m = r + 177. What is the remainder when m is divided by 36?
34
Suppose -12*f = -7*f - 10. Suppose z = 11 - f. Calculate the remainder when z is divided by 5.
4
Let u(j) = -9*j**2 + 38*j - 3. What is the remainder when 1/(-2) + (-155)/(-2) is divided by u(1)?
25
Let s(m) = m**2 + 5*m - 4. Calculate the remainder when 62 is divided by s(6).
0
Suppose 0 = s + 3*h - 28, -4*s + 3*h + 19 = -33. Calculate the remainder when 94 is divided by s.
14
Suppose 6 = -g - 2*g. Suppose 5*i + 0*i = 95. Calculate the remainder when ((-108)/(-14))/(g/(-14)) is divided by i.
16
Suppose 3*h + 3*t = 120 + 780, -4*h - t + 1212 = 0. What is the remainder when h is divided by 9?
7
Let m = 150 - 237. Suppose h + 64 = -2*t, -3*h - t - 249 = h. Let k = h - m. Calculate the remainder when k is divided by 13.
12
Suppose -21*z = -40*z + 589. What is the remainder when 131 is divided by z?
7
Suppose -7*r + 563 = 45. Let v = -22 + r. What is the remainder when v is divided by 11?
8
Suppose m - 4*m + 24 = 0. Suppose -m*f + 15 = -5*f. Suppose 0 = -0*v + 3*v - f*k - 36, -5*v - 4*k + 60 = 0. What is the remainder when 47 is divided by v?
11
Calculate the remainder when 126 is divided by 8 + (-3114)/(-63) - 3/7.
12
Let f(p) be the second derivative of -p**3/3 + 11*p**2 + p. Calculate the remainder when 10 is divided by f(9).
2
Let m(p) = p - 6. Let n be 12*-1*1/(-2). Let j be m(n). Suppose 2*z + 260 = 6*z - 5*k, 4*z + 3*k - 228 = j. What is the remainder when z is divided by 21?
18
Suppose -2*i = -4*m, 60 = -0*i 